{"id":13,"date":"2011-09-26T20:07:39","date_gmt":"2011-09-26T18:07:39","guid":{"rendered":"https:\/\/www.miag.ch\/blogfreitagsclub\/?page_id=13"},"modified":"2020-05-04T09:48:29","modified_gmt":"2020-05-04T07:48:29","slug":"der-freitagsclub","status":"publish","type":"page","link":"https:\/\/www.miag.ch\/blogfreitagsclub\/?page_id=13","title":{"rendered":"Der Freitagsclub"},"content":{"rendered":"<p>Seit mehr als\u00a020 Jahren diskutiert und tauscht der Freitagsclub Ideen aus zu aktuellen Fragen in unserer Gesellschaft, in Politik, Wirtschaft und Sozialpolitik.<\/p>\n<p>Wir verfolgen das Geschehen im \u00f6ffentlichen Raum intensiv. Und wir \u00e4ussern unsere Meinung dazu. Nach Konfrontation der Meinungen m\u00fcssen wir vielleicht auch die eigene Meinung \u00e4ndern. Man kann ja auch weiser werden&#8230;.!<\/p>\n<p>Lange Zeit diskutierten wir bei pers\u00f6nlichen Treffen. Mit dem Aufkommen des Internets schreiben wir unsere Gedanken immer \u00f6fters in ein E-Mail und senden dieses an die Teilnehmer unserer Diskussionsrunde. Die Empf\u00e4nger antworten, oder antworten nicht, oder vielleicht \u00e4rgern sie sich. Dann d\u00fcrfen sie das E-Mail l\u00f6schen oder d\u00fcrfen nat\u00fcrlich ihren \u00c4rger auch in einem E-Mail ausdr\u00fccken&#8230;! Wir ertragen es!<\/p>\n<p>Die elektronische Kommunikation hat sich weiterentwickelt. Die Idee des Blog ist ein vorz\u00fcgliches Mittel, unsere Gedanken auszutauschen. Auch der Freitagsclub will dies via Blog tun.<\/p>\n<p>Beeindruckt von einer grossen New Yorker Zeitung signieren wir die Blogbeitr\u00e4ge mit Initialen, nicht mit Namen. Wichtig ist die Sache, nicht der Name.<\/p>\n<p>Im Februar 2011 haben wir mit unserem Blog begonnen. Aber die Technik hat ihre T\u00fccken. Pl\u00f6tzlich funktionierte das Blog-Programm nicht mehr richtig. Wir mussten es neu herunterladen und den Blog neu einrichten. Einige der publizierten Beitr\u00e4ge und einzelne Kommentare haben wir wieder aufgenommen, mit Anmerkung des Publikationsdatums.<\/p>\n<p>Also jetzt wieder loslegen! Wir freuen uns auf Ihre Beitr\u00e4ge.<\/p>\n","protected":false},"excerpt":{"rendered":"<p>Seit mehr als\u00a020 Jahren diskutiert und tauscht der Freitagsclub Ideen aus zu aktuellen Fragen in unserer Gesellschaft, in Politik, Wirtschaft und Sozialpolitik. Wir verfolgen das Geschehen im \u00f6ffentlichen Raum intensiv. Und wir \u00e4ussern unsere Meinung dazu. Nach Konfrontation der Meinungen m\u00fcssen wir vielleicht auch die eigene Meinung \u00e4ndern. Man kann ja auch weiser werden&#8230;.! Lange [&hellip;]<\/p>\n","protected":false},"author":1,"featured_media":0,"parent":0,"menu_order":0,"comment_status":"closed","ping_status":"closed","template":"","meta":{"footnotes":""},"class_list":["post-13","page","type-page","status-publish","hentry"],"_links":{"self":[{"href":"https:\/\/www.miag.ch\/blogfreitagsclub\/index.php?rest_route=\/wp\/v2\/pages\/13","targetHints":{"allow":["GET"]}}],"collection":[{"href":"https:\/\/www.miag.ch\/blogfreitagsclub\/index.php?rest_route=\/wp\/v2\/pages"}],"about":[{"href":"https:\/\/www.miag.ch\/blogfreitagsclub\/index.php?rest_route=\/wp\/v2\/types\/page"}],"author":[{"embeddable":true,"href":"https:\/\/www.miag.ch\/blogfreitagsclub\/index.php?rest_route=\/wp\/v2\/users\/1"}],"replies":[{"embeddable":true,"href":"https:\/\/www.miag.ch\/blogfreitagsclub\/index.php?rest_route=%2Fwp%2Fv2%2Fcomments&post=13"}],"version-history":[{"count":13,"href":"https:\/\/www.miag.ch\/blogfreitagsclub\/index.php?rest_route=\/wp\/v2\/pages\/13\/revisions"}],"predecessor-version":[{"id":1046,"href":"https:\/\/www.miag.ch\/blogfreitagsclub\/index.php?rest_route=\/wp\/v2\/pages\/13\/revisions\/1046"}],"wp:attachment":[{"href":"https:\/\/www.miag.ch\/blogfreitagsclub\/index.php?rest_route=%2Fwp%2Fv2%2Fmedia&parent=13"}],"curies":[{"name":"wp","href":"https:\/\/api.w.org\/{rel}","templated":true}]}}